e
Is 27964 a multiple of 312?
False
Is 260220 a multiple of 12?
True
Is 100 a factor of 30600?
True
Is 89 a factor of 1886383?
False
Is 274 a factor of 187020?
False
Is 4 a factor of 476548?
True
Is 112488 a multiple of 327?
True
Is 625263 a multiple of 3?
True
Is 128 a factor of 1081984?
True
Does 2 divide 880408?
True
Is 13 a factor of 13304070?
True
Is 143620 a multiple of 10?
True
Does 448 divide 570752?
True
Does 29 divide 1207251?
False
Is 714 a factor of 1582224?
True
Is 79892 a multiple of 276?
False
Is 5863568 a multiple of 284?
False
Is 174 a factor of 771168?
True
Is 101 a factor of 684028?
False
Does 2 divide 35407?
False
Is 25 a factor of 2089525?
True
Does 85 divide 1589500?
True
Is 57242 a multiple of 114?
False
Is 713 a factor of 365056?
True
Is 461 a factor of 10019374?
True
Is 136081 a multiple of 89?
True
Is 3810191 a multiple of 190?
False
Does 206 divide 376156?
True
Is 1368 a factor of 6875378?
False
Is 27 a factor of 1785387?
False
Is 11 a factor of 713229?
True
Does 25 divide 9750182?
False
Is 217 a factor of 3516268?
True
Does 91 divide 38143?
False
Does 7 divide 131369?
True
Is 200 a factor of 2565000?
True
Is 6032841 a multiple of 1024?
False
Is 14705 a multiple of 5?
True
Is 4239154 a multiple of 622?
False
Is 62536 a multiple of 6?
False
Is 137 a factor of 3848337?
False
Is 32 a factor of 2251680?
True
Is 65 a factor of 4621110?
True
Is 148 a factor of 15136256?
True
Is 68826 a multiple of 10?
False
Does 80 divide 479280?
True
Is 91798 a multiple of 79?
True
Is 60 a factor of 2130240?
True
Is 51 a factor of 1566975?
True
Is 37 a factor of 57720?
True
Is 109906 a multiple of 179?
True
Does 11 divide 44622?
False
Is 18743200 a multiple of 224?
True
Does 1311 divide 4773493?
False
Does 14 divide 21126?
True
Is 7 a factor of 178681?
False
Does 98 divide 230444?
False
Does 39 divide 303771?
True
Is 498476 a multiple of 22?
True
Is 70 a factor of 1545110?
True
Does 89 divide 69279?
False
Is 94 a factor of 45684?
True
Does 40 divide 111200?
True
Does 178 divide 1434858?
True
Is 173 a factor of 930567?
True
Is 91 a factor of 56693?
True
Is 19 a factor of 85969?
False
Does 5 divide 4111364?
False
Does 62 divide 90594?
False
Is 5 a factor of 615300?
True
Does 96 divide 16370123?
False
Is 104 a factor of 7623616?
True
Is 132550 a multiple of 15?
False
Is 9 a factor of 157216?
False
Is 506 a factor of 325358?
True
Does 6 divide 93621?
False
Is 32 a factor of 103072?
True
Is 66 a factor of 335435?
False
Is 35 a factor of 8879570?
True
Is 444752 a multiple of 5?
False
Is 1201 a factor of 7879761?
True
Is 2695 a multiple of 539?
True
Is 47516 a multiple of 6?
False
Does 357 divide 150567?
False
Does 94 divide 191442?
False
Does 1108 divide 18102802?
False
Does 35 divide 1251192?
False
Is 49018 a multiple of 4?
False
Is 14477581 a multiple of 23?
False
Is 26 a factor of 3816410?
True
Is 10 a factor of 330169?
False
Is 48883 a multiple of 119?
False
Is 559 a factor of 2388048?
True
Is 38 a factor of 493388?
False
Is 10 a factor of 1567077?
False
Does 10 divide 206681?
False
Is 487 a factor of 51438?
False
Does 4 divide 45008?
True
Is 185120 a multiple of 20?
True
Does 157 divide 1523057?
True
Is 101 a factor of 97162?
True
Does 33 divide 288934?
False
Does 10 divide 7748218?
False
Is 302 a factor of 765268?
True
Is 1890324 a multiple of 36?
True
Does 752 divide 794525?
False
Is 271904 a multiple of 58?
True
Does 123 divide 48563?
False
Does 3 divide 37644?
True
Is 5497 a multiple of 2?
False
Is 71 a factor of 61920?
False
Is 5737850 a multiple of 1502?
False
Is 370 a factor of 256606?
False
Is 19 a factor of 1367874?
False
Is 17 a factor of 194682?
False
Does 11 divide 2077590?
False
Is 42 a factor of 1848?
True
Does 52 divide 12971812?
False
Is 34 a factor of 3711372?
True
Does 92 divide 492844?
True
Is 634106 a multiple of 41?
True
Does 151 divide 741613?
False
Is 8 a factor of 59490?
False
Is 274 a factor of 56992?
True
Does 24 divide 6216?
True
Is 406172 a multiple of 26?
True
Does 48 divide 12672?
True
Is 379342 a multiple of 170?
False
Is 187911 a multiple of 93?
False
Is 85945 a multiple of 70?
False
Does 35 divide 5867022?
False
Is 2480286 even?
True
Is 8 a factor of 15151807?
False
Is 105 a factor of 185544?
False
Does 17 divide 130560?
True
Is 21 a factor of 725993?
False
Is 357 a factor of 165291?
True
Does 42 divide 136056?
False
Is 1236 a factor of 1250832?
True
Does 80 divide 482854?
False
Is 11489370 a multiple of 1042?
False
Is 7315 a multiple of 133?
True
Does 10 divide 1531056?
False
Is 219108 a multiple of 21?
False
Does 13 divide 5393518?
True
Does 353 divide 1150868?
False
Does 4 divide 165549?
False
Does 35 divide 3729847?
False
Is 3054425 a multiple of 383?
True
Does 302 divide 3346764?
True
Is 7 a factor of 5704121?
False
Is 2558620 a multiple of 5?
True
Is 84 a factor of 136639?
False
Is 59 a factor of 33798?
False
Is 7 a factor of 187674?
False
Is 1508526 a multiple of 1307?
False
Is 13 a factor of 459456?
False
Does 63 divide 58717?
False
Is 1205 a factor of 638650?
True
Is 134 a factor of 81606?
True
Does 270 divide 3323640?
False
Is 14 a factor of 55622?
True
Is 5 a factor of 396682?
False
Is 2254200 a multiple of 78?
True
Is 64 a factor of 74310?
False
Is 8917915 a multiple of 1055?
True
Is 21 a factor of 425841?
False
Does 556 divide 374566?
False
Is 101543 a multiple of 3?
False
Is 3016370 a multiple of 410?
True
Does 234 divide 6408792?
True
Does 594 divide 6501985?
False
Is 834952 a multiple of 9?
False
Is 474504 a multiple of 68?
True
Is 1277626 a multiple of 13?
False
Does 26 divide 126646?
True
Is 31 a factor of 14871931?
False
Is 21 a factor of 176526?
True
Does 431 divide 610296?
True
Is 71258 even?
True
Does 11 divide 710655?
True
Is 301455 a multiple of 3?
True
Is 58 a factor of 286726?
False
Does 9 divide 6865938?
True
Does 5 divide 7110?
True
Does 358 divide 910894?
False
Is 15 a factor of 1904565?
True
Is 298 a factor of 145722?
True
Does 139 divide 19877?
True
Does 412 divide 8020816?
True
Is 522 a factor of 10569456?
True
Is 113023 a multiple of 15?
False
Is 15 a factor of 234630?
True
Is 6275392 a multiple of 62?
True
Is 39 a factor of 776334?
True
Is 15505 a multiple of 443?
True
Is 1169712 a multiple of 49?
False
Is 16 a factor of 626416?
True
Does 46 divide 29946?
True
Does 32 divide 14167?
False
Does 24 divide 5312160?
True
Is 12 a factor of 1255338?
False
Is 2 a factor of 341?
False
Is 1980 a multiple of 3?
True
Is 383097 a multiple of 517?
True
Is 215760 a multiple of 80?
True
Is 7 a factor of 315745?
False
Is 11 a factor of 398094?
False
Is 52 a factor of 2368028?
True
Is 5062380 a multiple of 1214?
True
Does 25 divide 246875?
True
Is 105203 a multiple of 13?
False
Does 75 divide 521575?
False
Is 4426404 a multiple of 61?
True
Is 1341900 a multiple of 213?
True
Does 435 divide 248820?
True
Is 2 a factor of 236730?
True
Is 34 a factor of 1034586?
True
Is 201 a factor of 260496?
True
Is 5797261 a multiple of 35?
False
Is 229768 a multiple of 9?
False
Does 195 divide 2436915?
True
Is 701068 a multiple of 66?
False
Is 101693 a multiple of 54?
False
Is 33 a factor of 120534?
False
Is 43 a factor of 23037?
False
Is 28467 a multiple of 61?
False
Does 90 divide 299333?
False
Does 7 divide 132129?
False
Is 13 a factor of 13678?
False
Is 651384 a multiple of 498?
True
Does 128 divide 3370496?
True
Is 20 a factor of 25860?
True
Is 107 a factor of 521518?
True
Is 20 a factor of 3299658?
False
Is 335826 a multiple of 11?
False
Is 3375658 a multiple of 242?
True
Is 136232 a multiple of 192?
False
Is 109 a factor of 83083?
False
Is 225 a factor of 119700?
True
Does 18 divide 149382?
True
Does 24 divide 112574?
False
Does 88 divide 497728?
True
Is 158 a factor of 530880?
True
Is 62 a factor of 1617704?
True
Is 208 a factor of 178242?
False
Does 187 divide 730796?
True
Does 71 divide 4461711?
True
Is 61 a factor of 2076013?
True
Does 30 divide 531990?
True
Does 699 divide 188031?
True
Is 9695778 a multiple of 19?
False
Does 4 divide 471948?
True
Is 6 a factor of 13674?
True
Is 158840 a multiple of 22?
True
Is 741081 a multiple of 407?
False
Is 923200 a multiple of 10?
True
Is 76 a factor of 195320?
True
Is 299567 a multiple of 197?
False
Is 4027800 a multiple of 411?
True
Is 265914 a multip